*l + 240 = 272416*l. What is the greatest common divisor of l and x?
8
Suppose -157*v + 169*v - 1596 = 0. Calculate the greatest common divisor of 76 and v.
19
Suppose 7658*o = 7719*o - 5307. What is the highest common factor of o and 1392?
87
Let l(q) = -34*q - 13. Let h(d) = 71*d + 28. Let i(m) = 6*h(m) + 13*l(m). Let u be i(-5). Calculate the greatest common factor of 632 and u.
79
Suppose 0 = 138*b - 134*b + 2*c - 96, -5*c = 4*b - 102. Let d = 224 - -213. What is the greatest common divisor of b and d?
23
Suppose 0 = 2*o - 14, 7*b = 2*b + 3*o + 12179. What is the highest common divisor of 80 and b?
40
Let s = -17 + 41. Let o(d) = d**3 - 5*d**2 - 7*d + 9. Let u = 131 + -125. Let r be o(u). Calculate the greatest common divisor of r and s.
3
Let k(p) be the second derivative of 8*p**4/3 - p**3/6 + 8*p. Let b be k(-1). Let r be 11/(-22)*2 - (-1 + -231). Calculate the highest common factor of b and r.
33
Let v = -81 + 196. Suppose 110 + v = 3*n. Suppose -n = -2*w - 3*w. What is the highest common divisor of w and 3?
3
Suppose 3186 - 3240 = -a. Calculate the highest common factor of 80 and a.
2
Let z = 24493 - 24477. What is the greatest common divisor of 25936 and z?
16
Suppose -48*o + 47*o = 3*z - 2998, -6018 = -2*o + 5*z. Let n be o/5 - 112/140. What is the greatest common factor of 24 and n?
24
Let g(d) = -d**3 - 4*d**2 - 3*d - 4. Let l be g(-4). Suppose -167 + 431 = 24*j. Let t be (j + (-9)/3 + 0)*4. What is the greatest common divisor of l and t?
8
Let r be (1341 - 74)*4/7. Suppose 0 = -4*y - 664 + r. What is the highest common divisor of 225 and y?
15
Let z = 2101 + -1347. Suppose 0 = 2*q - g - 126, -g + 17 = 6*q - 321. Calculate the highest common factor of q and z.
58
Suppose 5 = -11*z - 50. Let j be (-69)/(((-4)/((-220)/z))/1). What is the greatest common divisor of 33 and j?
33
Let r(m) = 2*m - 18. Let q be r(9). Suppose -3*b = -2*o - 7*b + 2, q = -b - 1. What is the highest common factor of o and 57?
3
Suppose -j + 0 + 93 = 5*t, 48 = j - 4*t. What is the greatest common divisor of j and 2822?
34
Let d = 54867 - 48729. Calculate the highest common factor of d and 124.
62
Let r = 708 - 706. Calculate the greatest common divisor of r and 358.
2
Let u(i) = -41 + 5 - i + 1 + 14. Let n be u(-15). Let b be 56 + (12/15)/(n/(-30)). Calculate the highest common divisor of 24 and b.
12
Suppose -18 + 76 = 2*l. Let a = l + -23. Suppose a*s = 38 + 22. Calculate the greatest common factor of 20 and s.
10
Suppose -5*l - 30 = -y, 27*y - 339 = 22*y - 2*l. What is the highest common divisor of 1482 and y?
13
Suppose r + 1413 = 4*i, 12*r + 3*i = 9*r - 4269. Let o = -946 - r. What is the highest common factor of o and 25?
25
Let l = -1627 + 4231. Calculate the greatest common factor of l and 4123.
217
Suppose -5*u + 68 = 3*o, -4*o = -3 - 1. Suppose u*j - 3 = 12*j. Suppose -j*l = 11 - 182. What is the greatest common factor of 19 and l?
19
Let j(x) = x**2 + 5*x + 4. Let n be j(5). Let b be (9/5)/(-8 - 482/(-60)). What is the highest common factor of b and n?
54
Let o be (414/92)/(3/1370). What is the highest common divisor of o and 30?
15
Let p be (11/(-2))/(2/8). Let h be -5 + p*(4 + -9). What is the greatest common factor of 30 and h?
15
Let h(r) = 1213*r + 4464. Let u be h(0). Calculate the greatest common divisor of u and 18.
18
Let n(p) = -62*p**3 - p**2 - 8*p - 15. Let b be n(-3). Calculate the greatest common factor of b and 62.
62
Let u be (0 - -3 - -4) + -2. Suppose 2*t + u*a + 16 = -4, -5*t - 5*a = 20. Let d be 1 + 13 + 0 - t. What is the highest common factor of 2 and d?
2
Suppose -6*l + 2*l + 28 = 0. Suppose 5*x = -3*g + l - 33, g + 4*x + 18 = 0. Let p be g + (-28)/(-4) + 3. Calculate the greatest common divisor of 64 and p.
8
Suppose s + 2*s + 204 = 2*p, -2*s - 104 = -p. Let d be (8/p*8)/(1/234). Calculate the highest common divisor of 36 and d.
12
Let o(y) = 10*y**2 + 5*y - 49. Let b be o(7). Let z = b + 308. Suppose z = 15*i - 13*i. What is the highest common factor of 49 and i?
49
Let q be (-2 + 10/4)/((-75)/(-727950)). Calculate the greatest common factor of q and 422.
211
Suppose 5*t = 3*x + 101, 25 = 3*t - 2*t - 3*x. Let u = t - -25. Suppose -5*b + 5 = 0, -140 = 2*r + 4*b - 408. Calculate the highest common factor of r and u.
44
Let j = -150 + 187. Suppose -5*h + j = -33. What is the highest common factor of 14 and h?
14
Let b be 1 + (-14 - -5) - -484. Let y = -38 + 106. Calculate the highest common divisor of b and y.
68
Suppose 0*x - 936 = -9*x. Let j = -116 + 95. Let g be (24/j)/((-2)/14). What is the greatest common factor of g and x?
8
Suppose 343429 = 62*u + 14*u - 164327. What is the greatest common factor of u and 51?
51
Let o be 16/((6/(-4) - -1)*(-60)/120). Calculate the highest common factor of o and 6656.
64
Let q(k) = 67*k**2 + 146*k + 1314. Let d be q(-14). Calculate the greatest common divisor of d and 39.
39
Let u(k) = -k + 8. Suppose 3*y = 2*f - 6 - 5, -f + 4 = -2*y. Let m = f - 16. Let b be u(m). Calculate the greatest common factor of b and 2.
2
Suppose -5*a - 15474 = -14*a + 9474. Calculate the highest common divisor of 180 and a.
36
Let u(k) = -2*k**3 + 27*k**2 + 39*k - 153. Let d be u(14). Calculate the highest common factor of d and 5713.
197
Suppose 5*m = x - 16, -4*x + 65 = -9*x - 4*m. Let q be 26/(((-9)/(-30))/(x/12)). Let i be (4862/q)/((-4)/10). Calculate the highest common factor of i and 11.
11
Let n be 28 - (8 + -7 - -6). Suppose 0 = 312*w - 313*w + 1344. Calculate the greatest common factor of n and w.
21
Suppose 15*k = -38117 + 38537. What is the highest common factor of 2051 and k?
7
Let s = -6559 - -10079. Calculate the greatest common divisor of 140 and s.
20
Let z be (14/42)/((-1)/(-15)). Suppose 3*c + 4*u = 420, 0 = -z*c - 3*u - u + 700. What is the highest common divisor of 30 and c?
10
Suppose -4*u + 0*f + f = -59, -2*u + 16 = 4*f. Let n be (-41 + -6)/((-30)/14 - (-22 - -20)). Calculate the greatest common factor of u and n.
7
Let q be 12 - (-5)/(20/(-12)). Let k = 48 - -20. Suppose 5*m = -3*g + 73, -m = -4*g - q + k. Calculate the highest common divisor of 48 and g.
16
Let y be 6 - -1 - (-19 + 5). Let c = 53 - 11. What is the highest common divisor of y and c?
21
Let w be 39/104 + (-37)/(-8). Suppose a - 144 = -w*a. Suppose -8*s = -9*s + a. What is the greatest common divisor of s and 36?
12
Suppose -4*n + 5*d + 31 = 0, 2*n - 3 - 14 = 3*d. Suppose n*s - 21*c + 20*c = 420, s - 105 = c. What is the greatest common factor of 84 and s?
21
Let n = -815 - -2490. Let p be (-4)/(-24) + n/30. Calculate the greatest common divisor of 8 and p.
8
Let n(w) = 2*w**3 + 98*w**2 - 35*w - 197. Let i be n(-44). What is the highest common divisor of i and 103?
103
Let s(a) = a**3 - 5*a**2 - 14*a - 2. Let i be s(7). Let u be ((-198)/4)/((-4 - i)/12). What is the highest common divisor of u and 11?
11
Suppose -23*p + 41 = -649. What is the highest common factor of 40 and p?
10
Suppose -3 = -3*r - 15, 0 = t - r - 24. Let y = -6 - -8. Suppose -4*p = -5*z + 12, -p - y = -0*p - z. What is the greatest common divisor of p and t?
2
Suppose 11*f - 30*f = 3914. Let h = 37 - f. What is the highest common divisor of h and 27?
27
Let y = 36258 - 36248. What is the highest common factor of 38 and y?
2
Suppose 103*w + 172*w = -166*w + 2205. Let x be (-21)/(-9) + (-4)/(-6). Suppose 63 = x*d - 27. Calculate the highest common factor of d and w.
5
Let d(j) = -j**2 + 34*j + 233. Let w be d(34). Suppose 59*s = w + 121. What is the highest common divisor of 8 and s?
2
Let g(v) = 11*v**2 + 109*v + 360. Let k be g(-20). What is the greatest common divisor of 300 and k?
60
Let p(m) = m**3 - 8*m**2 + 6*m + 6. Let a be p(7). Let j be (62 + a)/(4 - 5). Let c = 103 + j. Calculate the highest common divisor of 63 and c.
21
Suppose -3 = -14*p - 3. Suppose 2*c - 4*g - 80 = -p*g, -120 = -3*c - 3*g. What is the highest common divisor of 220 and c?
20
Let r be (21/(-14))/(3/900). Let q = 475 + r. What is the greatest common divisor of q and 3?
1
Suppose -21*c - 180 = -1314. What is the greatest common factor of c and 5886?
54
Let g = -397 + 520. Let v be 40 - (-4 + 4 - 1). What is the greatest common divisor of g and v?
41
Let s = -12460 - -12817. What is the highest common factor of s and 182?
7
Suppose 5*m - 16*p = -11*p + 1940, -3*p - 1934 